{"id":101,"date":"2025-01-30T14:01:44","date_gmt":"2025-01-30T14:01:44","guid":{"rendered":"https:\/\/treffpunkt-eynatten.be\/?page_id=101"},"modified":"2025-03-26T11:58:09","modified_gmt":"2025-03-26T11:58:09","slug":"wandern","status":"publish","type":"page","link":"https:\/\/treffpunkt-eynatten.be\/?page_id=101","title":{"rendered":"Wandern"},"content":{"rendered":"\n<p class=\"has-black-color has-text-color has-link-color has-medium-font-size wp-elements-b968a647ecb21e0404ffc72c4e0173b5\">Angef\u00fchrt durch Ehrenamtliche des Sozialen Treffpunktes bestreiten die Teilnehmenden w\u00f6chentlich eine Strecke von ca. 8 bis 9 km.\u00a0Gewandert wird bei jedem Wetter. Treffpunkt ist immer auf dem Parkplatz des Dorfhauses. Von dort aus geht es zu Fu\u00df oder auch als Fahrgemeinschaft zu den ausgesuchten Wanderstrecken durch die hiesigen W\u00e4lder und Felder. Im Anschluss kehren viele Wanderbegeisterte ein, um sich in den hellen R\u00e4umen des Dorfhauses zu st\u00e4rken.<\/p>\n\n\n\n<p class=\"has-black-color has-text-color has-link-color has-medium-font-size wp-elements-2d1be0453b6839532534583f50198880\"><strong>Wichtige Infos: <\/strong><\/p>\n\n\n\n<ul class=\"wp-block-list\">\n<li class=\"has-black-color has-text-color has-link-color has-medium-font-size wp-elements-4478dfc8ed06ede51a9499ee876d93e4\">Montags von 13:30 bis 16:00 Uhr<\/li>\n\n\n\n<li class=\"has-black-color has-text-color has-link-color has-medium-font-size wp-elements-49341b76511040cbb617e586a64f651b\">ohne Anmeldung<\/li>\n\n\n\n<li class=\"has-black-color has-text-color has-link-color has-medium-font-size wp-elements-2bc07ac8fceadb6dc198f10f00d82a77\">kostenlos<\/li>\n<\/ul>\n\n\n\n<p><\/p>\n","protected":false},"excerpt":{"rendered":"<p>Angef\u00fchrt durch Ehrenamtliche des Sozialen Treffpunktes bestreiten die Teilnehmenden w\u00f6chentlich eine Strecke von ca. 8 bis 9 km.\u00a0Gewandert wird bei jedem Wetter. Treffpunkt ist immer auf dem Parkplatz des Dorfhauses. &hellip; <\/p>\n","protected":false},"author":1,"featured_media":269,"parent":0,"menu_order":0,"comment_status":"closed","ping_status":"closed","template":"","meta":{"footnotes":""},"class_list":["post-101","page","type-page","status-publish","has-post-thumbnail","hentry"],"_links":{"self":[{"href":"https:\/\/treffpunkt-eynatten.be\/index.php?rest_route=\/wp\/v2\/pages\/101","targetHints":{"allow":["GET"]}}],"collection":[{"href":"https:\/\/treffpunkt-eynatten.be\/index.php?rest_route=\/wp\/v2\/pages"}],"about":[{"href":"https:\/\/treffpunkt-eynatten.be\/index.php?rest_route=\/wp\/v2\/types\/page"}],"author":[{"embeddable":true,"href":"https:\/\/treffpunkt-eynatten.be\/index.php?rest_route=\/wp\/v2\/users\/1"}],"replies":[{"embeddable":true,"href":"https:\/\/treffpunkt-eynatten.be\/index.php?rest_route=%2Fwp%2Fv2%2Fcomments&post=101"}],"version-history":[{"count":4,"href":"https:\/\/treffpunkt-eynatten.be\/index.php?rest_route=\/wp\/v2\/pages\/101\/revisions"}],"predecessor-version":[{"id":366,"href":"https:\/\/treffpunkt-eynatten.be\/index.php?rest_route=\/wp\/v2\/pages\/101\/revisions\/366"}],"wp:featuredmedia":[{"embeddable":true,"href":"https:\/\/treffpunkt-eynatten.be\/index.php?rest_route=\/wp\/v2\/media\/269"}],"wp:attachment":[{"href":"https:\/\/treffpunkt-eynatten.be\/index.php?rest_route=%2Fwp%2Fv2%2Fmedia&parent=101"}],"curies":[{"name":"wp","href":"https:\/\/api.w.org\/{rel}","templated":true}]}}