{"id":107,"date":"2025-01-30T14:02:21","date_gmt":"2025-01-30T14:02:21","guid":{"rendered":"https:\/\/treffpunkt-eynatten.be\/?page_id=107"},"modified":"2025-03-26T12:13:24","modified_gmt":"2025-03-26T12:13:24","slug":"internetcafe","status":"publish","type":"page","link":"https:\/\/treffpunkt-eynatten.be\/?page_id=107","title":{"rendered":"Internetcaf\u00e9"},"content":{"rendered":"\n<p class=\"has-black-color has-text-color has-link-color has-medium-font-size wp-elements-787dbf2295eb25aa6b01d0431a2179d0\">In Zusammenarbeit mit dem Seniorenbeirat der Gemeinde Raeren bietet der Soziale Treffpunkt ein gem\u00fctliches Internetcaf\u00e9 an. <\/p>\n\n\n\n<p class=\"has-black-color has-text-color has-link-color has-medium-font-size wp-elements-e0b68f47fdcc6e7feb6f087830a0e579\">Ausger\u00fcstet mit dem eigenen Laptop, Smartphone oder Tablet erhalten die Teilnehmenden Unterst\u00fctzung von den Ehrenamtlichen beim Gebrauch des eigenen Ger\u00e4tes.<\/p>\n\n\n\n<p class=\"has-black-color has-text-color has-link-color has-medium-font-size wp-elements-8800e69215dccce0063c734a9b14d3dd\"><strong>Wichtige Infos:<\/strong> <\/p>\n\n\n\n<ul class=\"wp-block-list\">\n<li class=\"has-black-color has-text-color has-link-color has-medium-font-size wp-elements-8ccb7c4d8f741650f8153d251448991e\">Donnerstags von 10:00 bis 12:00 Uhr<\/li>\n\n\n\n<li class=\"has-black-color has-text-color has-link-color has-medium-font-size wp-elements-49341b76511040cbb617e586a64f651b\">ohne Anmeldung<\/li>\n\n\n\n<li class=\"has-black-color has-text-color has-link-color has-medium-font-size wp-elements-2bc07ac8fceadb6dc198f10f00d82a77\">kostenlos<\/li>\n<\/ul>\n\n\n\n<p class=\"has-black-color has-text-color has-link-color has-medium-font-size wp-elements-9ea9de3557edab6b4469dff93e6affdc\"><\/p>\n\n\n\n<p><\/p>\n","protected":false},"excerpt":{"rendered":"<p>In Zusammenarbeit mit dem Seniorenbeirat der Gemeinde Raeren bietet der Soziale Treffpunkt ein gem\u00fctliches Internetcaf\u00e9 an. Ausger\u00fcstet mit dem eigenen Laptop, Smartphone oder Tablet erhalten die Teilnehmenden Unterst\u00fctzung von den &hellip; <\/p>\n","protected":false},"author":1,"featured_media":270,"parent":0,"menu_order":0,"comment_status":"closed","ping_status":"closed","template":"","meta":{"footnotes":""},"class_list":["post-107","page","type-page","status-publish","has-post-thumbnail","hentry"],"_links":{"self":[{"href":"https:\/\/treffpunkt-eynatten.be\/index.php?rest_route=\/wp\/v2\/pages\/107","targetHints":{"allow":["GET"]}}],"collection":[{"href":"https:\/\/treffpunkt-eynatten.be\/index.php?rest_route=\/wp\/v2\/pages"}],"about":[{"href":"https:\/\/treffpunkt-eynatten.be\/index.php?rest_route=\/wp\/v2\/types\/page"}],"author":[{"embeddable":true,"href":"https:\/\/treffpunkt-eynatten.be\/index.php?rest_route=\/wp\/v2\/users\/1"}],"replies":[{"embeddable":true,"href":"https:\/\/treffpunkt-eynatten.be\/index.php?rest_route=%2Fwp%2Fv2%2Fcomments&post=107"}],"version-history":[{"count":5,"href":"https:\/\/treffpunkt-eynatten.be\/index.php?rest_route=\/wp\/v2\/pages\/107\/revisions"}],"predecessor-version":[{"id":385,"href":"https:\/\/treffpunkt-eynatten.be\/index.php?rest_route=\/wp\/v2\/pages\/107\/revisions\/385"}],"wp:featuredmedia":[{"embeddable":true,"href":"https:\/\/treffpunkt-eynatten.be\/index.php?rest_route=\/wp\/v2\/media\/270"}],"wp:attachment":[{"href":"https:\/\/treffpunkt-eynatten.be\/index.php?rest_route=%2Fwp%2Fv2%2Fmedia&parent=107"}],"curies":[{"name":"wp","href":"https:\/\/api.w.org\/{rel}","templated":true}]}}