{"id":115,"date":"2025-01-30T14:03:06","date_gmt":"2025-01-30T14:03:06","guid":{"rendered":"https:\/\/treffpunkt-eynatten.be\/?page_id=115"},"modified":"2026-01-16T09:49:00","modified_gmt":"2026-01-16T09:49:00","slug":"halloween","status":"publish","type":"page","link":"https:\/\/treffpunkt-eynatten.be\/?page_id=115","title":{"rendered":"Halloween"},"content":{"rendered":"\n<p class=\"has-black-color has-text-color has-link-color has-medium-font-size wp-elements-0cf3d9b14fd0ac8b28c406bd742b6865\">Im Oktober veranstalten wir f\u00fcr kleine Hexen, Gespenster oder K\u00fcrbisse einen schaurig, lustigen Vorlese- und Spielenachmittag.<\/p>\n\n\n\n<p class=\"has-black-color has-text-color has-link-color has-medium-font-size wp-elements-a67f59ef0d38aedca1ca486c8739cbf2\">Ihr d\u00fcrft sehr gerne im Kost\u00fcm kommen, euch schminken lassen und einen tollen Nachmittag erleben. <\/p>\n\n\n\n<p class=\"has-black-color has-text-color has-link-color has-medium-font-size wp-elements-7e93b1cb0a7f9621d60c93a45f0c292c\">Unser letzter Halloween-Nachmittag fand am 29. Oktober 2025 statt. Hier findet ihr ein paar tolle Eindr\u00fccke <\/p>\n\n\n\n<figure class=\"wp-block-image size-full is-resized\"><img decoding=\"async\" src=\"https:\/\/treffpunkt-eynatten.be\/wp-content\/uploads\/2025\/10\/Gespenst.png\" alt=\"\" class=\"wp-image-672\" style=\"width:85px;height:auto\"\/><\/figure>\n\n\n\n<p><\/p>\n","protected":false},"excerpt":{"rendered":"<p>Im Oktober veranstalten wir f\u00fcr kleine Hexen, Gespenster oder K\u00fcrbisse einen schaurig, lustigen Vorlese- und Spielenachmittag. Ihr d\u00fcrft sehr gerne im Kost\u00fcm kommen, euch schminken lassen und einen tollen Nachmittag &hellip; <\/p>\n","protected":false},"author":1,"featured_media":0,"parent":0,"menu_order":0,"comment_status":"closed","ping_status":"closed","template":"","meta":{"footnotes":""},"class_list":["post-115","page","type-page","status-publish","hentry"],"_links":{"self":[{"href":"https:\/\/treffpunkt-eynatten.be\/index.php?rest_route=\/wp\/v2\/pages\/115","targetHints":{"allow":["GET"]}}],"collection":[{"href":"https:\/\/treffpunkt-eynatten.be\/index.php?rest_route=\/wp\/v2\/pages"}],"about":[{"href":"https:\/\/treffpunkt-eynatten.be\/index.php?rest_route=\/wp\/v2\/types\/page"}],"author":[{"embeddable":true,"href":"https:\/\/treffpunkt-eynatten.be\/index.php?rest_route=\/wp\/v2\/users\/1"}],"replies":[{"embeddable":true,"href":"https:\/\/treffpunkt-eynatten.be\/index.php?rest_route=%2Fwp%2Fv2%2Fcomments&post=115"}],"version-history":[{"count":7,"href":"https:\/\/treffpunkt-eynatten.be\/index.php?rest_route=\/wp\/v2\/pages\/115\/revisions"}],"predecessor-version":[{"id":702,"href":"https:\/\/treffpunkt-eynatten.be\/index.php?rest_route=\/wp\/v2\/pages\/115\/revisions\/702"}],"wp:attachment":[{"href":"https:\/\/treffpunkt-eynatten.be\/index.php?rest_route=%2Fwp%2Fv2%2Fmedia&parent=115"}],"curies":[{"name":"wp","href":"https:\/\/api.w.org\/{rel}","templated":true}]}}